-161
Convert 16 (base 7) to base 2.
1101
Convert 542 (base 7) to base 13.
182
100022 (base 3) to base 5
2001
What is 5 (base 11) in base 5?
10
What is 8 (base 10) in base 4?
20
-9 (base 15) to base 7
-12
What is 0 (base 2) in base 15?
0
Convert 2 (base 5) to base 13.
2
Convert 7 (base 11) to base 15.
7
Convert -17 (base 11) to base 9.
-20
-16 (base 10) to base 9
-17
What is -7 (base 8) in base 16?
-7
What is 3 (base 5) in base 9?
3
Convert 1000 (base 2) to base 13.
8
What is 10 (base 15) in base 9?
16
Convert -35 (base 8) to base 16.
-1d
-12 (base 12) to base 4
-32
What is -d (base 14) in base 10?
-13
What is 5 (base 14) in base 3?
12
What is 30 (base 7) in base 5?
41
What is 10011 (base 2) in base 9?
21
Convert 3 (base 10) to base 8.
3
-103 (base 7) to base 15
-37
Convert -1 (base 6) to base 12.
-1
What is 16 (base 8) in base 4?
32
What is -32 (base 15) in base 9?
-52
What is -31 (base 4) in base 2?
-1101
What is -14 (base 15) in base 6?
-31
What is a9 (base 14) in base 9?
175
Convert 2 (base 9) to base 13.
2
What is 10 (base 12) in base 9?
13
What is -12 (base 6) in base 4?
-20
Convert -1c (base 13) to base 14.
-1b
What is -3 (base 6) in base 2?
-11
-3 (base 6) to base 9
-3
1331 (base 5) to base 6
1000
What is 100101 (base 2) in base 12?
31
-10210 (base 3) to base 13
-7b
Convert 33 (base 8) to base 6.
43
-2 (base 11) to base 5
-2
-10 (base 5) to base 16
-5
115 (base 11) to base 5
1022
What is 1000 (base 2) in base 13?
8
What is 0 (base 7) in base 12?
0
Convert -11 (base 4) to base 11.
-5
Convert 2 (base 16) to base 6.
2
What is 2 (base 10) in base 8?
2
Convert 0 (base 15) to base 13.
0
Convert -17 (base 8) to base 4.
-33
Convert 3 (base 5) to base 12.
3
What is 2 (base 13) in base 10?
2
Convert -13 (base 4) to base 16.
-7
-112 (base 7) to base 3
-2011
Convert -33 (base 4) to base 7.
-21
Convert -20 (base 7) to base 9.
-15
Convert -102 (base 3) to base 10.
-11
What is -1 (base 9) in base 5?
-1
What is 3 (base 7) in base 2?
11
Convert -1023 (base 6) to base 10.
-231
0 (base 8) to base 16
0
What is 33 (base 16) in base 8?
63
507 (base 8) to base 14
195
What is -c2 (base 13) in base 2?
-10011110
-3a (base 12) to base 2
-101110
What is 1 (base 2) in base 6?
1
Convert -23 (base 5) to base 4.
-31
What is 7 (base 16) in base 6?
11
What is -65 (base 10) in base 6?
-145
What is 2 (base 8) in base 13?
2
Convert -3 (base 13) to base 11.
-3
What is -11 (base 15) in base 11?
-15
What is -3 (base 4) in base 2?
-11
Convert -85 (base 9) to base 15.
-52
What is -2 (base 7) in base 5?
-2
-90 (base 15) to base 6
-343
What is -60 (base 7) in base 14?
-30
Convert -201 (base 4) to base 12.
-29
What is -4 (base 12) in base 14?
-4
What is -202 (base 6) in base 10?
-74
What is 3c (base 16) in base 7?
114
-24 (base 12) to base 4
-130
48 (base 11) to base 4
310
What is -12 (base 3) in base 9?
-5
-15 (base 16) to base 15
-16
Convert 11221 (base 3) to base 10.
133
Convert 0 (base 16) to base 7.
0
What is a (base 13) in base 5?
20
-22 (base 3) to base 16
-8
40 (base 5) to base 10
20
Convert -18 (base 14) to base 7.
-31
12 (base 15) to base 14
13
Convert 3 (base 14) to base 6.
3
Convert 200 (base 3) to base 5.
33
Convert 5 (base 16) to base 8.
5
What is -a (base 15) in base 4?
-22
What is 10 (base 11) in base 6?
15
10101 (base 2) to base 15
16
What is 11010 (base 2) in base 15?
1b
10012 (base 3) to base 10
86
32 (base 7) to base 3
212
What is -52 (base 15) in base 13?
-5c
Convert 220 (base 5) to base 16.
3c
Convert 34 (base 5) to base 4.
103
2 (base 6) to base 4
2
What is 3 (base 7) in base 11?
3
11 (base 5) to base 16
6
What is 13 (base 7) in base 13?
a
What is -4 (base 16) in base 15?
-4
What is 21 (base 10) in base 3?
210
What is -22 (base 8) in base 11?
-17
1 (base 6) to base 12
1
What is -31 (base 9) in base 12?
-24
What is -56 (base 13) in base 6?
-155
What is 218 (base 11) in base 7?
522
Convert 4 (base 11) to base 15.
4
Convert 111011 (base 2) to base 16.
3b
-c8 (base 15) to base 13
-116
4 (base 9) to base 7
4
What is 10 (base 3) in base 12?
3
151 (base 6) to base 12
57
Convert 61 (base 7) to base 9.
47
Convert -132 (base 9) to base 8.
-156
What is -120 (base 4) in base 5?
-44
Convert -16 (base 11) to base 4.
-101
-6 (base 14) to base 16
-6
Convert -8 (base 16) to base 8.
-10
What is -6 (base 16) in base 3?
-20
Convert -64 (base 9) to base 3.
-2011
1d (base 14) to base 15
1c
What is 26 (base 7) in base 5?
40
607 (base 8) to base 4
12013
Convert 161 (base 8) to base 7.
221
Convert -14 (base 9) to base 7.
-16
What is -2 (base 10) in base 5?
-2
Convert 2 (base 3) to base 13.
2
What is -3 (base 4) in base 7?
-3
5 (base 14) to base 2
101
Convert 0 (base 13) to base 11.
0
6 (base 13) to base 4
12
What is -8 (base 11) in base 10?
-8
-1 (base 15) to base 7
-1
What is -6d (base 15) in base 11?
-94
Convert 22 (base 8) to base 7.
24
-170 (base 8) to base 15
-80
What is -11 (base 11) in base 3?
-110
Convert 1 (base 3) to base 6.
1
Convert 2020 (base 4) to base 8.
210
-7 (base 10) to base 3
-21
What is -35 (base 11) in base 6?
-102
29 (base 12) to base 16
21
Convert 58 (base 16) to base 4.
1120
Convert -28 (base 16) to base 7.
-55
What is 54 (base 13) in base 7?
126
What is 6 (base 10) in base 8?
6
94 (base 16) to base 7
301
Convert -100 (base 2) to base 6.
-4
What is 172 (base 9) in base 3?
12102
What is -27 (base 11) in base 4?
-131
Convert -cc (base 16) to base 15.
-d9
Convert 3 (base 12) to base 3.
10
What is -3 (base 14) in base 16?
-3
-10 (base 4) to base 2
-100
11 (base 10) to base 3
102
What is 2 (base 11) in base 3?
2
What is 8 (base 9) in base 2?
1000
What is -3131 (base 4) in base 9?
-265
What is 2 (base 7) in base 16?
2
2 (base 12) to base 10
2
Convert 33 (base 7) to base 6.
40
75 (base 15) to base 2
1101110
Convert 7 (base 13) to base 16.
7
143 (base 12) to base 14
dd
-1a (base 11) to base 16
-15
Convert -15 (base 12) to base 9.
-18
124 (base 5) to base 16
27
Convert 97 (base 11) to base 14.
78
What is -1 (base 10) in base 5?
-1
254 (base 6) to base 5
411
Convert -14 (base 7) to base 13.
-b
-4 (base 16) to base 12
-4
-45 (base 10) to base 8
-55
What is -86 (base 15) in base 13?
-99
Convert c1 (base 15) to base 8.
265
Convert -2b (base 13) to base 2.
-100101
Convert -20 (base 3) to base 10.
-6
4 (base 8) to base 2
100
What is -50 (base 6) in base 16?
-1e
-110 (base 4) to base 5
-40
Convert 1 (base 3) to base 4.
1
Convert 2 (base 8) to base 14.
2
Convert -11 (base 3) to base 9.
-4
Convert -4 (base 16) to base 5.
-4
What is 311 (base 10) in base 9?
375
What is 16 (base 15) in base 3?
210
71 (base 9) to base 12
54
What is 2 (base 3) in base 11?
2
What is 4 (base 15) in base 10?
4
-1 (base 11) to base 15
-1
What is -e (base 15) in base 5?
-24
Convert 16 (base 11) to base 8.
21
Convert -1010 (base 2) to base 16.
-a
5 (base 8) to base 9
5
Convert -14 (base 13) to base 2.
-10001
22 (base 3) to base 2
1000
Convert 22120 (base 3) to base 6.
1023
21 (base 3) to base 5
12
1 (base 16) to base 15
1
Convert -4 (base 14) to base 2.
-100
-6 (base 7) to base 11
-6
Convert 41 (base 14) to base 9.
63
-6 (base 14) to base 12
-6
Convert -b (base 12) to base 8.
-13
-1223 (base 4) to base 9
-128
Convert 21 (base 7) to base 4.
33
1 (base 6) to base 8
1
What is -18 (base 11) in base 6?
-31
Convert 130 (base 4) to base 12.
24
What is -36 (base 9) in base 16?
-21
5 (base 7) to base 16
5
3 (base 12) to base 10
3
What is -4 (base 9) in base 5?
-4
-67 (base 11) to base 16
-49
1013 (base 4) to base 6
155
-11100110 (base 2) to base 15
-105
What is -1 (base 8) in base 14?
-1
What is a (base 11) in base 6?
14
Convert 126 (base 8) to base 2.
1010110
What is -41 (base 9) in base 16?
-25
Convert 2 (base 5) to base 10.
2
What is 1000100 (base 2) in base 4?
1010
What is -107 (base 8) in base 13?
-56
Convert -c (base 13) to base 6.
-20
Convert -101 (base 7) to base 11.
-46
104 (base 5) to base 3
1002
What is -45 (base 7) in base 4?
-201
What is -1 (base 15) in base 2?
-1
What is -4 (base 11) in base 9?
-4
Convert 1 (base 9) to base 16.
1
What is 0 (base 6) in base 11?
0
0 (base 10) to base 5
0
What is -1 (base 15) in base 5?
-1
10 (base 10) to base 4
22
Convert -3 (base 12) to base 13.
-3
-131 (base 5) to base 8
-51
What is -3 (base 4) in base 3?
-10
What is 0 (base 9) in base 12?
0
Convert -20 (base